ose -5 = -p*q - 13, 0 = a + 2*q - 92. List the prime factors of a.
2, 5
Let v(r) be the second derivative of -1/3*r**4 + 2*r - 4/3*r**3 + 0 + 1/20*r**5 - 5/2*r**2. List the prime factors of v(6).
19
Suppose 6 = o + 23. Let m = o + 20. Suppose 0 = m*s + 29 - 83. List the prime factors of s.
2, 3
Let u = -9 + 6. Let h be u + 2 - (-3)/1. List the prime factors of (h/6)/((-1)/(-21)).
7
Let v(q) = -5*q + 2. Let r be v(-2). Suppose 2*h - 8 = 0, -2*h = -4*t - r - 12. What are the prime factors of 27*t*1/(-4)?
3
Let w(b) = 16*b**3 + 41*b**2 + 67*b + 9. Let g(z) = 3*z**3 + 8*z**2 + 13*z + 2. Let f(a) = -11*g(a) + 2*w(a). What are the prime factors of f(-6)?
2, 5
Let d(h) = -5*h**2 + 2*h + 2. Let j be d(-1). List the prime factors of 2 + 25/j*(-26)/10.
3, 5
Suppose 3*d + 3*n + 20 = 4*n, 0 = 3*n - 15. Let s(z) be the first derivative of -z**4/4 - z**3 + 9*z**2/2 + 3*z - 207. What are the prime factors of s(d)?
2
Let k(h) be the third derivative of h**6/120 + 2*h**5/15 + 5*h**3/6 + 2*h**2. Let y be k(-8). What are the prime factors of (-2)/y - (-351)/15?
23
Suppose 0 = -o + 5*j + 548, -2 = -18*j + 17*j. What are the prime factors of o?
2, 3, 31
Suppose -2*d - 3*d = -4*j + 22, -j - 2*d = 1. Let m = -67 - -71. Suppose 3*h - 214 = -h + j*u, 204 = m*h + 2*u. What are the prime factors of h?
2, 13
Suppose -i + 40 = -6*i. Let w(s) = -1. Let r(p) = 2*p - 9. Let l(d) = -r(d) + w(d). What are the prime factors of l(i)?
2, 3
Let z be (52 - 0)/(5*2/35). Let l = z + -85. What are the prime factors of l?
97
Let f be 1662/4*4/6. Suppose 4*t + 5*g = 247 + 292, f = 2*t - 5*g. What are the prime factors of t?
2, 17
Let g = 1 - -1. Suppose -g*r + 64 = -r. Suppose -r - 16 = -5*f. What are the prime factors of f?
2
Let k(s) = 30*s + 489. What are the prime factors of k(-10)?
3, 7
Let t be 42/(-1)*(-2)/(-3). Let j = t + 39. Suppose 3*q = j + 40. What are the prime factors of q?
17
Suppose 4*o = -3*o + 259. Suppose -o*f + 20 = -32*f. Suppose 0 = f*z - 8*z + 152. What are the prime factors of z?
2, 19
Let v(t) = -7*t**3 - 4*t**2 + 25*t + 37. List the prime factors of v(-6).
5, 251
Suppose -2*d - 305 = -4*b + 355, -825 = -5*b + 2*d. Suppose b = 5*k - 5*n, 3*n = 3*k - n - 101. Let c = -16 + k. What are the prime factors of c?
3, 5
Let l = 182 + -102. Suppose l = -4*m + 376. List the prime factors of m.
2, 37
Let h be 1 + (-2 + 4 - 1). Let o(u) = -24 + 13 - 10*u + 2*u**h + 17. List the prime factors of o(7).
2, 17
Suppose -4*o = x + 4*x - 5915, 2*o = 5*x - 5945. List the prime factors of x.
1187
Let p(t) = t**2 + 2*t + 2. Let y be p(3). Suppose 4 = -y*s + 18*s. Suppose 5*v + 2*k + 2*k = 55, s*k = 0. What are the prime factors of v?
11
Suppose 39*a - 34*a + 35 = 0. Let s = -18 - -30. Let i = a + s. List the prime factors of i.
5
Let f = 13 - 9. Let y be -16 - -2 - (2 - f). What are the prime factors of 6/((-2)/1) - y?
3
Let v = 131 + -106. Suppose -4*s = j - v, -3*s = 3*j - 2*s - 119. What are the prime factors of j?
41
Let t(j) be the third derivative of j**6/120 - j**5/60 - j**4/24 + j**3/2 - 2*j**2. Let m be t(0). Suppose -5 = -z + m. List the prime factors of z.
2
Let k(z) = 3*z + 12 + z**2 - 2*z - 6*z. Suppose 4*f = -b + 32, b - 4 = -f + 1. List the prime factors of k(f).
2, 3
Let x be -10*(6/(-4) - -2). Let j(b) = b**2 + 4*b - 1. Let d be j(x). Suppose -k = -2*f + 51, 0*f - 105 = -d*f - k. List the prime factors of f.
2, 13
Let k(l) = 8*l + 0 + 3*l**2 + 1 + 10 - 5. List the prime factors of k(-8).
2, 67
Let b = 52 - 81. List the prime factors of (b*3)/(-3) - -1.
2, 3, 5
Suppose -2*b + 95 = 3*b. Let f = 7 - b. List the prime factors of (f/(-8))/(1/16).
2, 3
Suppose -7 = -3*g + 5*q, -q = g + q - 6. Suppose 0*u + 5*j = -3*u + 124, g*j = 2*u - 46. List the prime factors of u.
3, 11
Suppose -67 = -2*h + 153. Suppose -v = v - h. List the prime factors of v.
5, 11
Suppose -669 = -4*b + 3*i, 4*b + 2*i + 2*i = 648. What are the prime factors of b?
3, 5, 11
Let l(q) be the first derivative of -11*q**2 - 5*q - 11. What are the prime factors of l(-1)?
17
Let n(z) = -123*z + 46. What are the prime factors of n(-2)?
2, 73
Suppose -y + 11 + 45 = 0. Let a = 31 - 60. Let n = a + y. List the prime factors of n.
3
Suppose 0 = 25*v - 14*v - 5566. List the prime factors of v.
2, 11, 23
Let l(q) = q**2 + 3*q + 7. Let t be l(-5). Let g(p) = p**2 - 14*p + 2. What are the prime factors of g(t)?
53
Let z = 3 - -1. Suppose -6*t + z*b = -3*t - 28, 0 = -3*t - 2*b + 4. Let p = t + 0. What are the prime factors of p?
2
Let n be (24/21)/(7/49). Suppose 5*f = -2*h - 12, 0 = -4*h + 5*h - f - n. List the prime factors of 10/(3/12*h).
2, 5
Let m(r) = -r - 4. Let a be m(-4). Suppose 9*q - 1054 + 136 = a. List the prime factors of q.
2, 3, 17
Let y(a) = 6*a**2 - 4*a + 1. Let d be y(-7). Suppose -4*h + d = -77. List the prime factors of h.
2, 5
Let u = 360 - 293. List the prime factors of u.
67
Suppose 270 = -3*v + 2421. Suppose -8*i + v = 197. What are the prime factors of i?
5, 13
Suppose -109*l + 113*l + 4 = 0. Let p(k) = k**2 + 4*k - 5. Let a be p(5). Let f = l + a. What are the prime factors of f?
3, 13
Suppose 0 = 85*v - 30627 - 5923. What are the prime factors of v?
2, 5, 43
Let k = -89 + 89. What are the prime factors of ((-94)/(k - 2))/(3 - 2)?
47
Let v = 729 - 473. What are the prime factors of v?
2
Let z be ((-39)/4)/(3/(-8)). Suppose w - 3*l - z = 2*w, 5*w = -3*l - 94. Let m = w - -41. List the prime factors of m.
2, 3
Let s(j) = -66*j - 211. What are the prime factors of s(-22)?
17, 73
Let u be 2/13 + 418/(-13). Let s = u + 16. Let n = -7 - s. What are the prime factors of n?
3
Suppose 0 = -4*h - 15 - 69. Let p = h + 105. What are the prime factors of p?
2, 3, 7
Let g(o) = -18*o + 9. Let m be g(-5). Let y = m - 38. What are the prime factors of y?
61
Let c(d) = -d**2 - 7*d + 10. Let l be c(-8). Suppose 4*x - 3*y = 328, 7*y - l*y - 105 = -x. What are the prime factors of x?
5, 17
Suppose 5*y - 3*s = 3681, 4*y - 6*s = -5*s + 2942. What are the prime factors of y?
3, 5, 7
Let m = 454 - -2393. List the prime factors of m.
3, 13, 73
Let v be (6 - 7)*0/(-1). Suppose 0 = -5*i + 4*y + 400, v = 2*i - 4*i - 3*y + 160. Suppose -4*m = 6*n - n - 51, -i = -5*m - 3*n. List the prime factors of m.
19
Let v = -9 + 11. Suppose -4*q + 244 = v*d, -5*q - d = 59 - 370. List the prime factors of q.
3, 7
Let b be 3/(-3 + 60/16). Suppose a - 7 = -3*a + x, -32 = -b*a - 4*x. Suppose -z - q + 61 = 0, -6*q = -a*q + 9. What are the prime factors of z?
2
Let r be (-2)/(-14) + (-127)/7. Let y = 20 + r. Suppose -f + y*f + 3*u - 8 = 0, -5*f + 64 = 3*u. List the prime factors of f.
2, 7
Suppose -4*k + 4 = -16. Suppose 0 = -k*y + 2*w + 360, -5*y - w + 153 = -222. What are the prime factors of y?
2, 37
Suppose -10*g + 4*k = -6*g - 16956, g + 3*k - 4255 = 0. What are the prime factors of g?
4243
Let b = -10 - -13. Suppose b*r = 4*y + 8*r - 137, y - 35 = -r. Let o = 74 - y. What are the prime factors of o?
2, 3
Suppose -3*p + 2*p + 2 = 0. Suppose -i - 1 = -v, p = 2*i - i. Suppose -26 = -v*b - 11. What are the prime factors of b?
5
Let l(f) = 758*f - 136. List the prime factors of l(3).
2, 1069
Let j(m) = -m - 2. Let v be j(-6). Suppose 10 - 66 = -v*h. What are the prime factors of h?
2, 7
Suppose -27549 = 713*z - 722*z. List the prime factors of z.
3061
Let r(o) = -o + 53. Let d = -124 + 150. List the prime factors of r(d).
3
Let x = -11 + 13. Suppose -x*f + 3*s + 52 = -22, -3*s - 148 = -4*f. What are the prime factors of f?
37
Let w be 8/36 + 418/(-18). Let i be (-959)/(-21) - (-1)/3. Let n = i - w. What are the prime factors of n?
3, 23
Suppose y - 2 = -3*t + 8, 5*t - y - 22 = 0. Suppose -t*k = 2*k - 192. List the prime factors of k.
2
Let y(p) = -10*p + 720. What are the prime factors of y(0)?
2, 3, 5
Let p(t) = -31*t - 15. Let y be p(7). What are the prime factors of y/(-13) + 14/91?
2, 3
Let a(n) = -6*n - 15. Let w be a(-3). Suppose 120 = w*h - 15. List the prime factors of h.
3, 5
Let n(j) = -j**3 + 2*j**2 + j + 1. Let q(f) = -f**3 - 8*f**2 + 9. Let p be q(-8). Let m = 11 - p. What are the prime factors of n(m)?
3
Suppose 3*w = -4*a - 19, 4*w - 5*a - 20 = 7*w. List the prime factors of w/15 + -31*100/(-12).
2, 3, 43
Suppose -4*d = 4*w - 40, d + 4*w + 15 = 2*d. What are the prime factors of d/(44/504) - 3?
3, 41
Suppose 1057 = 4*